et l = v - u. What is the units digit of l?
2
Suppose -a + 3 + 2 = 0. Suppose -a*r + 46 = -9. What is the tens digit of r?
1
Suppose 5*l + 2*n + 0*n = 328, -4*l + n = -265. Suppose 2*x + 3*f - l = 0, 7*x = 3*x - 4*f + 128. What is the tens digit of x?
3
Let y(p) = 3*p**2 - 4*p - 5. What is the units digit of y(-4)?
9
Suppose 2*z = u + 102, 126 + 54 = 4*z + 4*u. What is the units digit of z?
9
Suppose -7*t = -279 - 50. What is the units digit of t?
7
Let y(s) = 15*s**3 + 2*s**2 + s - 5. What is the hundreds digit of y(2)?
1
Suppose 34*w - 72 = 32*w. What is the units digit of w?
6
Suppose -4*h + 9 = -3. Suppose 4*n - h*m - 10 = 2, n = -2*m + 3. Suppose -3*d - 5*j + j = -11, 3*d = n*j + 18. What is the units digit of d?
5
Suppose 5*y - 16 = y. Let f be (4/(-6))/(y/(-6)). Let x = 3 - f. What is the units digit of x?
2
Suppose -3*d + 152 = d. What is the tens digit of d?
3
What is the tens digit of (-21 - -18) + 183 + 0?
8
Let a(x) = x + 4. Let n be a(-4). Let o(p) = -2 - 2*p - p + 0*p + n. What is the tens digit of o(-5)?
1
Let j(z) = -z + 2. Let m be j(-2). Let o(h) = -h**2 + 4*h + 1. What is the units digit of o(m)?
1
Let w(n) = 7*n - 5. Let p be w(-2). Let l be 2/1*(-33)/(-2). Let j = p + l. What is the units digit of j?
4
Suppose -15 = -4*v - i, -5*v = -3*i - i - 3. What is the units digit of 12*v/6*8?
8
Suppose w - 3*x + 0 = -8, -w = -4*x + 12. What is the units digit of w?
4
Suppose 0 = -2*g + m + 313, g + 2*g - 4*m - 482 = 0. Suppose g = 5*b + 54. Suppose b = 4*h - 0*h. What is the units digit of h?
5
Suppose 1 + 1 = -g, -5*b + 5*g + 460 = 0. What is the units digit of b?
0
Let u = 22 - -8. Let g = 46 - u. What is the units digit of g?
6
Let k = -136 - -239. What is the hundreds digit of k?
1
Suppose 0*u + 124 = 4*u. What is the units digit of u?
1
Let r(y) = y**2 - 3*y + 3. Let f be r(3). Suppose f*h = 15 - 3. What is the units digit of h?
4
Let l(a) = a**3 - 6*a**2 + 6*a - 2. Let f be l(4). What is the units digit of 4/f + (-94)/(-10)?
9
Let m(f) = -f - 1. Let u be m(-8). Suppose -5*j + 3*q = q - 9, -j + 3*q + u = 0. What is the units digit of j?
1
Let k be 5 - (-1 - (-4 + 1)). Suppose h = -k*h - 32. Let i = -3 - h. What is the units digit of i?
5
Let h(p) = p**3 + 6*p**2 - 2*p + 6. Suppose -4*y + 14 = -3*n, -y = -n - 1 - 4. What is the units digit of h(n)?
8
Let l(o) = o**2 - 1. Let p(n) = -n**3 + 9*n**2 - 9*n + 11. Let d be p(8). Suppose -3*h + 2*h + d = 0. What is the units digit of l(h)?
8
Let v be (-13)/(-4) - 2/8. Suppose -v*p = -0*p + 3. What is the units digit of (3/9)/(p/(-3))?
1
Let l = -4 - -7. Let d = 33 - l. Let n = d + -18. What is the tens digit of n?
1
Suppose 4*x + 5*i - 579 = 0, -503 = -5*x - 5*i + 217. What is the hundreds digit of x?
1
Let i = 16 - 9. Let a(j) = -j**3 - j**2 - j - 1. Let z(o) = -6*o**3 + 3*o**2 - 13*o - 6. Let c(r) = 5*a(r) - z(r). What is the units digit of c(i)?
8
Let y(d) = d**2 + 2*d + 12. What is the tens digit of y(5)?
4
Suppose 3*g - 25 = -2*g. Suppose -g*b + 18 + 22 = 0. Let d = 15 - b. What is the units digit of d?
7
Suppose -3*q - 3*q + 384 = 0. What is the tens digit of q?
6
Let g(u) = 10*u + 40. Let z(l) = -2*l - 8. Let o(n) = 3*g(n) + 14*z(n). What is the tens digit of o(6)?
2
Suppose z = 3*h + 6*z - 4, -z = 1. Let u = 6 - h. Let w = 15 - u. What is the units digit of w?
2
Suppose 0*o + 5*a = -4*o + 21, -a + 13 = 3*o. Suppose 85 = 5*b + 5*m, -b + 6 + 26 = -o*m. What is the units digit of b?
0
Suppose -3*m - 2*m + 20 = 0. Suppose -12 = m*g - 20. What is the units digit of g?
2
Let b(o) = -o - 2. Let l = 0 + -5. Let q be b(l). Let p = q - -7. What is the tens digit of p?
1
Let l(r) = -r**3 - r**2 - r - 4. Let g be l(0). Let v = -2 - g. Suppose -2*q + v = o + o, -5*q - 10 = 0. What is the units digit of o?
3
Let r be 9/(-15) + 3/5. Let j(z) = z + 19. What is the units digit of j(r)?
9
Suppose -3*p - p - 5*l + 118 = 0, -5*l = p - 22. Suppose -n + 37 + 0 = 4*g, 0 = 2*g - 4*n - p. What is the units digit of g?
0
Suppose r = -2*r + 12. Suppose m = -r - 1. What is the tens digit of (-14)/((-3 - m) + -3)?
1
Let p(a) be the third derivative of -a**5/60 + a**4/3 + 2*a**3/3 - 2*a**2. Let h(j) = j**3 + 6*j**2 + 5*j - 4. Let y be h(-4). What is the units digit of p(y)?
4
Suppose 3*t = 5*t - 84. What is the units digit of t?
2
Let d be (10/20)/((-1)/12). What is the units digit of ((-21)/d + -3)*10?
5
Let y be (1 + 4)*96/10. Let x = -30 + y. What is the units digit of x?
8
Let v = 89 + -49. What is the tens digit of v?
4
Let u = 70 - 36. What is the tens digit of u?
3
Suppose 2*h - 6 = -2*k + 4*k, 0 = -3*h - 3*k - 15. Let n be -4*h/(-2) - -4. What is the units digit of (5 - -3 - n) + 2?
8
Suppose -12 = 4*c - 4. Let z be 5 + (-8)/c + -2. Let f = 12 - z. What is the units digit of f?
5
Let m(d) = d**3 + 3*d**2 - d + 5. Let q be m(-4). Let h(p) = p**2 + 4*p - 7. What is the units digit of h(q)?
4
Let s be -1 - (-3)/(-3) - -1. Let g(k) be the first derivative of k**3/3 + 5. What is the units digit of g(s)?
1
Suppose 329 = 6*h - 1543. What is the tens digit of h?
1
Suppose 40 = 5*a + 5*s, 3*s - 8 = 4*a - 3*a. Suppose 0 = 5*y - 5*l - 11 - a, -2*y + l + 6 = 0. What is the units digit of y?
3
Suppose 2*s = 6*s - 88. What is the tens digit of s?
2
Suppose 4*w = f - 0*f - 24, 0 = 2*w - 4*f + 12. Let j be (12/5)/(w/(-30)). What is the units digit of ((-15)/j)/((-1)/4)?
5
Suppose 470 = -4*o + 9*o. Let n = o - 45. What is the tens digit of n?
4
Let x(j) = -j**2 + 5*j + 1. Let g be x(5). What is the units digit of (-2 + g)*-1 + 0?
1
Suppose -2*d + g = -406, -2*d + 3*d - g = 202. What is the hundreds digit of d?
2
Let g(y) = -y**3 - 7*y**2 - 2*y + 7. Suppose -3*n - n - 16 = 0, 4*z - n + 20 = 0. Let f be g(z). What is the tens digit of f/(-1)*(-1)/(-1)?
1
Suppose 4*o + 5 = 4*q - 51, -3*o = 4*q - 28. Suppose -g + 3 + q = 0. What is the units digit of g?
3
Suppose 32*x = 29*x + 402. What is the tens digit of x?
3
Suppose -4*p + 4 = -5*o, 5*o - 5*p = -3*p - 2. Suppose 4 = -2*d - s, 2*s = 5*d - o - 8. What is the units digit of d + 3 + (-3 - -5)?
5
Suppose 2*k - 536 = -2*k. What is the tens digit of k?
3
Suppose -3*p = 4*m - p - 18, 4*m - p - 33 = 0. Suppose -13 = -2*u + m. What is the tens digit of u?
1
Suppose 5*v - 94 = 326. What is the tens digit of v?
8
Suppose 4*b + 236 = 3*q, -4*q = -2*q - 5*b - 148. What is the units digit of q?
4
Let j(q) = -q**3 - 6*q**2 - 4*q + 2. Let y be j(-5). Suppose -6 = l + 2*v, 2*l - 3*v = l + 19. Let u = y + l. What is the units digit of u?
1
Suppose 2*a = 2*i + a - 187, i + 4*a = 98. What is the tens digit of i?
9
Let g be (-48)/(-21) + (-2)/7. Suppose b + 11 = g*b. What is the tens digit of b?
1
Let w = 143 + -96. What is the tens digit of w?
4
Let b(n) = 6*n**2 + 2*n + 1. Let h be b(-1). Let q(g) = -g**3 + 5*g**2 - g + 2. Let f be q(5). Let m = h + f. What is the units digit of m?
2
Let o be 0 - 1 - (-16 - -5). Let g = o - 6. What is the units digit of g?
4
Let m be (-1)/4 - (-319)/44. Suppose 3*n = 2*n. Let a = m - n. What is the units digit of a?
7
Let a be (-26)/(-8) + 2/(-8). Let o be (8 - -1) + 3/a. Suppose -2*w + 7*w - o = 0. What is the units digit of w?
2
Let x(d) = d**3 + 4*d**2 + 3*d. Let u be x(-3). Suppose k + 3*k - 208 = u. Suppose i + 3*s - 1 - 1 = 0, -5*i - s + k = 0. What is the units digit of i?
1
Let m = 330 - 160. What is the hundreds digit of m?
1
Suppose -7*k + k + 240 = 0. What is the tens digit of k?
4
Let u be (-36)/(-3)*(3 + -4). Let l be (u/(-9))/(2/6). Suppose -l*h - 13 = -3*x, 2*x - 3*x + 5*h = 3. What is the units digit of x?
7
Suppose -4*n = -5*g + 127, -g = 2*g + n - 66. What is the units digit of g?
3
Let h(v) = 5*v - 2*v - 4*v + 13. Let b be h(8). Suppose -4*r + b*u = -2*r - 22, -r = -4*u - 17. What is the units digit of r?
1
Suppose -3 = 5*u - 13. Let h(g) = g**3 + 2*g**2 + g - 1. What is the units digit of h(u)?
7
Let b(f) = -f**3 - 2*f**2 + 6*f + 6. What is the units digit of b(-5)?
1
Suppose -p - 4*p + 5*n = -105, 4*p - 66 = -2*n. What is the tens digit of p?
1
Let i = 99 + -6. What is the tens digit of i?
9
Suppose -8*v + 2254 = 6*v. What is the tens digit of v?
6
Suppose -7*n - 124 = -3*n. Let l = -16 - n. What is the tens digit of l?
1
What is the units digit of 700/21 + (-4)/(-6)?
4
Suppose 0 = k - 5*k. Suppose -2*l + k*l = -6. Suppose l*n